{"id":2,"date":"2021-07-27T13:46:42","date_gmt":"2021-07-27T16:46:42","guid":{"rendered":"http:\/\/hidroalphapiscinas.com.br\/?page_id=2"},"modified":"2021-11-22T16:46:35","modified_gmt":"2021-11-22T19:46:35","slug":"quem-somos","status":"publish","type":"page","link":"http:\/\/hidroalphapiscinas.com.br\/index.php\/quem-somos\/","title":{"rendered":"Quem somos"},"content":{"rendered":"\n<p>A <strong>Hidro Alpha<\/strong> \u00e9 uma empresa especializada no segmento de piscinas e saunas residenciais e comerciais que foi fundada em 1989 com sede na cidade de Barueri em S\u00e3o Paulo.<\/p>\n\n\n\n<p>Possu\u00edmos mais de 32 anos de experi\u00eancia em constru\u00e7\u00e3o, reforma e manuten\u00e7\u00e3o de piscinas. <\/p>\n\n\n\n<p>Fornecemos, instalamos e consertamos  equipamentos e acess\u00f3rios para piscina. Oferecendo os melhores servi\u00e7os em Alphaville, Tambor\u00e9, Aldeia da Serra e regi\u00e3o.<\/p>\n\n\n\n<div style=\"height:100px\" aria-hidden=\"true\" class=\"wp-block-spacer\"><\/div>\n\n\n\n<p><strong>NA HIDRO ALPHA VOC\u00ca ENCONTRA:<\/strong><\/p>\n\n\n\n<ul class=\"wp-block-list\"><li>Trocador de calor (aquecedor);<\/li><li>Aquecedor solar,<\/li><li>Filtro, moto bomba, skimmer;<\/li><li>Sauna \u00famida e seca;<\/li><li>Refletor led e superled<\/li><li>Produtos qu\u00edmicos para limpeza e manuten\u00e7\u00e3o da piscina;<\/li><li>Capa t\u00e9rmica e de prote\u00e7\u00e3o;<\/li><li>Cerca de prote\u00e7\u00e3o.<\/li><\/ul>\n\n\n\n<div style=\"height:100px\" aria-hidden=\"true\" class=\"wp-block-spacer\"><\/div>\n\n\n\n<p><strong>NOSSOS PRINCIPAIS PARCEIROS S\u00c3O:<\/strong><\/p>\n\n\n\n<ul class=\"wp-block-list\"><li>Nautilus<\/li><li>Jacuzzi<\/li><li>Sodramar<\/li><li>Hipool<\/li><li>Genco<\/li><li>Cris \u00e1gua<\/li><\/ul>\n","protected":false},"excerpt":{"rendered":"<p>A Hidro Alpha \u00e9 uma empresa especializada no segmento de piscinas e saunas residenciais e comerciais que foi fundada em 1989 com sede na cidade de Barueri em S\u00e3o Paulo. Possu\u00edmos mais de 32 anos de experi\u00eancia em constru\u00e7\u00e3o, reforma e manuten\u00e7\u00e3o de piscinas. Fornecemos, instalamos e consertamos equipamentos e acess\u00f3rios para piscina. Oferecendo os &hellip; <\/p>\n","protected":false},"author":1,"featured_media":0,"parent":0,"menu_order":0,"comment_status":"closed","ping_status":"open","template":"","meta":{"footnotes":""},"class_list":["post-2","page","type-page","status-publish","hentry","grid-sizer"],"_links":{"self":[{"href":"http:\/\/hidroalphapiscinas.com.br\/index.php\/wp-json\/wp\/v2\/pages\/2","targetHints":{"allow":["GET"]}}],"collection":[{"href":"http:\/\/hidroalphapiscinas.com.br\/index.php\/wp-json\/wp\/v2\/pages"}],"about":[{"href":"http:\/\/hidroalphapiscinas.com.br\/index.php\/wp-json\/wp\/v2\/types\/page"}],"author":[{"embeddable":true,"href":"http:\/\/hidroalphapiscinas.com.br\/index.php\/wp-json\/wp\/v2\/users\/1"}],"replies":[{"embeddable":true,"href":"http:\/\/hidroalphapiscinas.com.br\/index.php\/wp-json\/wp\/v2\/comments?post=2"}],"version-history":[{"count":8,"href":"http:\/\/hidroalphapiscinas.com.br\/index.php\/wp-json\/wp\/v2\/pages\/2\/revisions"}],"predecessor-version":[{"id":208,"href":"http:\/\/hidroalphapiscinas.com.br\/index.php\/wp-json\/wp\/v2\/pages\/2\/revisions\/208"}],"wp:attachment":[{"href":"http:\/\/hidroalphapiscinas.com.br\/index.php\/wp-json\/wp\/v2\/media?parent=2"}],"curies":[{"name":"wp","href":"https:\/\/api.w.org\/{rel}","templated":true}]}}